{"id":16,"date":"2023-06-06T09:38:09","date_gmt":"2023-06-06T09:38:09","guid":{"rendered":"http:\/\/strona.paolaproject.pl\/?page_id=16"},"modified":"2025-01-25T19:39:31","modified_gmt":"2025-01-25T19:39:31","slug":"o-mnie","status":"publish","type":"page","link":"https:\/\/strona.paolaproject.pl\/?page_id=16","title":{"rendered":"O mnie"},"content":{"rendered":"\t\t<div data-elementor-type=\"wp-page\" data-elementor-id=\"16\" class=\"elementor elementor-16\" data-elementor-post-type=\"page\">\n\t\t\t\t<div class=\"elementor-element elementor-element-c50a712 e-con-full e-flex e-con e-parent\" data-id=\"c50a712\" data-element_type=\"container\">\n\t\t<div class=\"elementor-element elementor-element-cc3728a e-con-full e-flex e-con e-child\" data-id=\"cc3728a\" data-element_type=\"container\">\n\t\t<div class=\"elementor-element elementor-element-45d3871 e-con-full e-flex e-con e-child\" data-id=\"45d3871\" data-element_type=\"container\">\n\t\t\t\t<div class=\"elementor-element elementor-element-e81fae0 elementor-widget elementor-widget-image\" data-id=\"e81fae0\" data-element_type=\"widget\" data-widget_type=\"image.default\">\n\t\t\t\t<div class=\"elementor-widget-container\">\n\t\t\t\t\t\t\t\t\t\t\t\t\t\t\t<img fetchpriority=\"high\" decoding=\"async\" width=\"1200\" height=\"798\" src=\"https:\/\/strona.paolaproject.pl\/wp-content\/uploads\/2025\/01\/image00022.webp\" class=\"attachment-full size-full wp-image-1668\" alt=\"\" srcset=\"https:\/\/strona.paolaproject.pl\/wp-content\/uploads\/2025\/01\/image00022.webp 1200w, https:\/\/strona.paolaproject.pl\/wp-content\/uploads\/2025\/01\/image00022-300x200.webp 300w, https:\/\/strona.paolaproject.pl\/wp-content\/uploads\/2025\/01\/image00022-1024x681.webp 1024w, https:\/\/strona.paolaproject.pl\/wp-content\/uploads\/2025\/01\/image00022-768x511.webp 768w\" sizes=\"(max-width: 1200px) 100vw, 1200px\" \/>\t\t\t\t\t\t\t\t\t\t\t\t\t\t\t<\/div>\n\t\t\t\t<\/div>\n\t\t\t\t<\/div>\n\t\t\t\t<\/div>\n\t\t<div class=\"elementor-element elementor-element-099af80 e-con-full e-flex e-con e-child\" data-id=\"099af80\" data-element_type=\"container\">\n\t\t<div class=\"elementor-element elementor-element-64eadde e-con-full e-flex e-con e-child\" data-id=\"64eadde\" data-element_type=\"container\">\n\t\t\t\t<div class=\"elementor-element elementor-element-526ff19 elementor-widget elementor-widget-heading\" data-id=\"526ff19\" data-element_type=\"widget\" data-widget_type=\"heading.default\">\n\t\t\t\t<div class=\"elementor-widget-container\">\n\t\t\t\t\t<h3 class=\"elementor-heading-title elementor-size-default\">Mi\u0142o Ci\u0119 pozna\u0107<\/h3>\t\t\t\t<\/div>\n\t\t\t\t<\/div>\n\t\t\t\t<div class=\"elementor-element elementor-element-3e90c01 elementor-widget elementor-widget-heading\" data-id=\"3e90c01\" data-element_type=\"widget\" data-widget_type=\"heading.default\">\n\t\t\t\t<div class=\"elementor-widget-container\">\n\t\t\t\t\t<h2 class=\"elementor-heading-title elementor-size-default\">Jestem Paulina!<\/h2>\t\t\t\t<\/div>\n\t\t\t\t<\/div>\n\t\t\t\t<div class=\"elementor-element elementor-element-9bf205e elementor-widget elementor-widget-text-editor\" data-id=\"9bf205e\" data-element_type=\"widget\" data-widget_type=\"text-editor.default\">\n\t\t\t\t<div class=\"elementor-widget-container\">\n\t\t\t\t\t\t\t\t\t<p>Jestem Web Developerk\u0105, specjalizuj\u0105c\u0105 si\u0119 w tworzeniu responsywnych i funkcjonalnych stron internetowych, kt\u00f3re skutecznie wspieraj\u0105 cele biznesowe moich klient\u00f3w.<\/p><p>Moje spersonalizowane rozwi\u0105zania s\u0105 idealnym odzwierciedleniem unikalnych potrzeb przedsi\u0119biorstw, pomagaj\u0105c im osi\u0105gn\u0105\u0107 sukces online.<\/p><p>Moje us\u0142ugi s\u0105 skierowane g\u0142\u00f3wnie do kobiecych biznes\u00f3w, kt\u00f3re pragn\u0105 zwi\u0119kszy\u0107 swoj\u0105 widoczno\u015b\u0107 i sukces w \u015bwiecie online.<\/p>\t\t\t\t\t\t\t\t<\/div>\n\t\t\t\t<\/div>\n\t\t\t\t<div class=\"elementor-element elementor-element-d7e09fb elementor-widget elementor-widget-heading\" data-id=\"d7e09fb\" data-element_type=\"widget\" data-widget_type=\"heading.default\">\n\t\t\t\t<div class=\"elementor-widget-container\">\n\t\t\t\t\t<h3 class=\"elementor-heading-title elementor-size-default\">Paulina Chru\u015bci\u0144ska<\/h3>\t\t\t\t<\/div>\n\t\t\t\t<\/div>\n\t\t\t\t<\/div>\n\t\t\t\t<div class=\"elementor-element elementor-element-0a5da8f elementor-widget__width-initial elementor-widget elementor-widget-image\" data-id=\"0a5da8f\" data-element_type=\"widget\" data-settings=\"{&quot;motion_fx_motion_fx_scrolling&quot;:&quot;yes&quot;,&quot;motion_fx_translateY_effect&quot;:&quot;yes&quot;,&quot;motion_fx_translateY_direction&quot;:&quot;negative&quot;,&quot;motion_fx_translateY_affectedRange&quot;:{&quot;unit&quot;:&quot;%&quot;,&quot;size&quot;:&quot;&quot;,&quot;sizes&quot;:{&quot;start&quot;:50,&quot;end&quot;:65}},&quot;motion_fx_translateY_speed&quot;:{&quot;unit&quot;:&quot;px&quot;,&quot;size&quot;:2,&quot;sizes&quot;:[]},&quot;motion_fx_devices&quot;:[]}\" data-widget_type=\"image.default\">\n\t\t\t\t<div class=\"elementor-widget-container\">\n\t\t\t\t\t\t\t\t\t\t\t\t\t\t\t<img decoding=\"async\" width=\"800\" height=\"800\" src=\"https:\/\/strona.paolaproject.pl\/wp-content\/uploads\/2024\/05\/Black-Photo-Classy-and-Refined-Fashion-Tips-Instagram-Post-1024x1024.jpg\" class=\"attachment-large size-large wp-image-677\" alt=\"\" srcset=\"https:\/\/strona.paolaproject.pl\/wp-content\/uploads\/2024\/05\/Black-Photo-Classy-and-Refined-Fashion-Tips-Instagram-Post-1024x1024.jpg 1024w, https:\/\/strona.paolaproject.pl\/wp-content\/uploads\/2024\/05\/Black-Photo-Classy-and-Refined-Fashion-Tips-Instagram-Post-300x300.jpg 300w, https:\/\/strona.paolaproject.pl\/wp-content\/uploads\/2024\/05\/Black-Photo-Classy-and-Refined-Fashion-Tips-Instagram-Post-150x150.jpg 150w, https:\/\/strona.paolaproject.pl\/wp-content\/uploads\/2024\/05\/Black-Photo-Classy-and-Refined-Fashion-Tips-Instagram-Post-768x768.jpg 768w, https:\/\/strona.paolaproject.pl\/wp-content\/uploads\/2024\/05\/Black-Photo-Classy-and-Refined-Fashion-Tips-Instagram-Post.jpg 1080w\" sizes=\"(max-width: 800px) 100vw, 800px\" \/>\t\t\t\t\t\t\t\t\t\t\t\t\t\t\t<\/div>\n\t\t\t\t<\/div>\n\t\t\t\t<\/div>\n\t\t\t\t<\/div>\n\t\t\t\t<\/div>\n\t\t","protected":false},"excerpt":{"rendered":"<p>Mi\u0142o Ci\u0119 pozna\u0107 Jestem Paulina! Jestem Web Developerk\u0105, specjalizuj\u0105c\u0105 si\u0119 w tworzeniu responsywnych i funkcjonalnych stron internetowych, kt\u00f3re skutecznie wspieraj\u0105 cele biznesowe moich klient\u00f3w. Moje spersonalizowane rozwi\u0105zania s\u0105 idealnym odzwierciedleniem unikalnych potrzeb przedsi\u0119biorstw, pomagaj\u0105c im osi\u0105gn\u0105\u0107 sukces online. Moje us\u0142ugi s\u0105 skierowane g\u0142\u00f3wnie do kobiecych biznes\u00f3w, kt\u00f3re pragn\u0105 zwi\u0119kszy\u0107 swoj\u0105 widoczno\u015b\u0107 i sukces w \u015bwiecie [&hellip;]<\/p>\n","protected":false},"author":1,"featured_media":0,"parent":0,"menu_order":0,"comment_status":"closed","ping_status":"closed","template":"","meta":{"footnotes":""},"class_list":["post-16","page","type-page","status-publish","hentry"],"_links":{"self":[{"href":"https:\/\/strona.paolaproject.pl\/index.php?rest_route=\/wp\/v2\/pages\/16","targetHints":{"allow":["GET"]}}],"collection":[{"href":"https:\/\/strona.paolaproject.pl\/index.php?rest_route=\/wp\/v2\/pages"}],"about":[{"href":"https:\/\/strona.paolaproject.pl\/index.php?rest_route=\/wp\/v2\/types\/page"}],"author":[{"embeddable":true,"href":"https:\/\/strona.paolaproject.pl\/index.php?rest_route=\/wp\/v2\/users\/1"}],"replies":[{"embeddable":true,"href":"https:\/\/strona.paolaproject.pl\/index.php?rest_route=%2Fwp%2Fv2%2Fcomments&post=16"}],"version-history":[{"count":0,"href":"https:\/\/strona.paolaproject.pl\/index.php?rest_route=\/wp\/v2\/pages\/16\/revisions"}],"wp:attachment":[{"href":"https:\/\/strona.paolaproject.pl\/index.php?rest_route=%2Fwp%2Fv2%2Fmedia&parent=16"}],"curies":[{"name":"wp","href":"https:\/\/api.w.org\/{rel}","templated":true}]}}